- (21 - 23)) + 8?
0
What is the value of 6 - -1 - (34 + -43)?
16
What is 3 - 4 - 1 - (-3 - (18 - 7))?
12
Calculate 8 - ((-7 - -17 - -7) + 4).
-13
What is -3 - (-10 + 11 + (0 + 4 - 6))?
-2
What is the value of -26 - (-4 + -9 + -3)?
-10
Evaluate -5 + 36 - (-138 + 152).
17
What is (-21 - ((-10 - -2) + 6)) + 8?
-11
What is the value of -1 + (-5 - -3) + 9 + -36 + 30?
0
35 - 69 - -43 - 36
-27
What is the value of -14 - (14 - (14 - -8))?
-6
5 + (-28 - -31) - 15
-7
Evaluate (2 - (0 + 5 + -18 + 5)) + -4.
6
Evaluate 3 + -13 + (30 - -5) + 3 + 3.
31
Evaluate -59 + 24 + 40 + 9 + -1.
13
Calculate 11 - 25 - (-20 + 11 - 4).
-1
Evaluate 17 + -40 + 37 + (0 - -11).
25
(-18 - -2) + (1 - (-9 + 4 - -5))
-15
Calculate -21 - (-5 - (55 - 32)).
7
What is -18 - -11 - (3 + 0 - -1 - 9)?
-2
5 + (2 + 0 + -2 - (-24 - -32))
-3
14 + 4 + -1 + 7 + -16
8
Calculate (2 - ((3 - (6 - 1)) + 5)) + -11.
-12
-1 + -6 + 6 + -5 + 1
-5
7 + -1 - (-251 + 254 + 22 + -1)
-18
What is 3 + (-2 - (-1 - (1 - 6))) + 8?
5
Evaluate 6 - 20 - (-25 + 12).
-1
Evaluate 1 - (14 + 8 + -38).
17
What is the value of -8 + 2 - ((-2 - 0) + -15)?
11
What is the value of -5 - (-4 - (-3 + (-3 - -4) - 3))?
-6
What is (3 - 1) + -13 + -49 + 48?
-12
Evaluate -4 + 1 - (85 + -78) - 26.
-36
Evaluate -19 + 4 + 45 + -21.
9
Evaluate (2 + -3 - -2) + -1924 + 1923.
0
What is -4 + 12 + 1 + -14 + 5 + 3?
3
Calculate (-2475 - -2473) + (-4 + 5 - (5 + -1)).
-5
Calculate -6 + 2 + -1 + -7 + (-5 - -10).
-7
What is the value of 44 + -59 - (0 + -5)?
-10
Calculate 6 + 7 + -29 - -6 - -17.
7
Calculate -26 + 5 + -22 + 42.
-1
-5 + (3 + 2 - 6) + (-16 - -23)
1
Evaluate -1 + -12 + (37 - 30) - -7.
1
-5 + (3 + 1 - 6) + 16
9
Calculate 18 + -38 + 28 - 21.
-13
8 - (12 - 14) - (0 - -6)
4
What is the value of 688 + -693 - (2 + -28)?
21
Evaluate -2 + 7 + (-1 - (-9 + -6 + 14)).
5
Calculate 11 - (17 + (-7 - (3 - 4))).
0
What is the value of (-21 - (0 - 9)) + 3 - 4?
-13
What is the value of 7 - (19 + -1 - (10 + -15 + -1))?
-17
Evaluate -2 + 9 + 32 + -45.
-6
What is (-17 - (13 - 6)) + 6?
-18
(-9 - (-18 - -34)) + 16
-9
What is (-2 - 5) + -1 + (2 - (4 - -6))?
-16
Evaluate -7 - (3 + -3 - (8 + -16) - -5).
-20
What is 11 + (-3 - (2 + 4))?
2
Calculate -8 + 0 - -15 - (-83 - -100).
-10
Calculate 2 + 8 + (-5 - (-10 + -8 + 9)).
14
What is 12 + (2 - (-11 + (26 - 11)))?
10
Calculate 16 + 0 + (-2 - 12 - -15).
17
What is the value of (-7 - -1) + (-12 + -1 - -10) + 11?
2
4 - (-4 + (-5 + 4 - -24))
-15
What is the value of -14 - (5 - (12 + -14))?
-21
Evaluate 82 - 77 - (-1 + 0).
6
What is 1974 - 1983 - ((0 - (-5 + 1)) + 1)?
-14
7 + 9 + 9 - 16
9
(-3 - 11) + 19 + (-31 - -15)
-11
19 - (-1 + 0) - (-419 - -413)
26
-14 + -2 + 60 + -58
-14
Evaluate ((-7 - -9) + 1 - -5) + -6.
2
Evaluate 1 + 1 + (-12 - (8 - 11) - -21).
14
Evaluate (2 - (0 + 3)) + 4 - (4 - 8).
7
Calculate (-7 - (-13 - -4)) + (4 - -4).
10
Calculate 29 + (-50 - -22) - 25.
-24
-11 - (-2 - -6 - (-1 + (-2 - -8)))
-10
What is the value of 27 - (-8 - ((-18 - -12) + -1) - -6)?
22
Calculate 8 - (-18 + 21 + -13).
18
What is the value of 0 + (-37 - -32) + (1 - -14)?
10
What is the value of -5 + (6 - ((11 - 4) + -13))?
7
What is -45 + 40 - (0 - 0) - (0 - -2)?
-7
17 + -2 + 5 + (-6 - -2) + 5
21
What is -21 + 10 - 2 - -13?
0
(2 - -2) + (-1 - 5) + (-153 - -136)
-19
Calculate (-3 - -22 - 18) + (-1 - (-1 - -2)).
-1
What is 3 - 5 - ((9 - 20) + -7 + 7)?
9
Calculate 23 + -16 + 8 - -7.
22
17 + -15 - -22 - 11
13
What is the value of 1 + (3 - (2 + 6)) + 1?
-3
4 - ((1 - -13) + -4) - -17
11
What is the value of 5 + -2 + -8 + (40 - (6 - -8))?
21
Calculate 10 - (9 - (-4 - 6)) - -6.
-3
Calculate -21 + -7 + (-5 - 2 - -6 - -2).
-27
What is 22 + 22 + -49 + -5?
-10
Calculate (40 - 37) + (3 + -7 - 26) + 1.
-26
What is (31 + -92 - -33) + 8?
-20
Calculate 20 + -22 + -2 + 2.
-2
What is the value of (5 - (-17 - -6)) + (-44 - -35)?
7
Evaluate (4 - (7 - (-4 - -5))) + 6.
4
What is the value of 5 - (2 + 9 + -11) - 20?
-15
Calculate 1 + -1 - (-3 - (0 - (-3 - -8))).
-2
What is -5 - 2 - (9 - (22 + -8))?
-2
What is the value of -14 + (-2 - -3) + 98 + -96 - 0?
-11
What is (-13 - -18) + (-13 - -2 - -3)?
-3
Calculate 14 + (-40 + 9 - -15).
-2
What is the value of 61 + -100 + (-1 + -4 - -17)?
-27
4 - (17 + -38 + 13)
12
What is the value of 4 + 2 + -1 - (-50 - -56)?
-1
What is 2 + (-3 + 16 - 4)?
11
What is (-4 - (-11 - -9)) + -5 + 7?
0
Calculate (-8 - -1) + (17 - (32 - 14)).
-8
Evaluate 2 + -19 - (-316 + 282).
17
-4 - 18 - (-3 - (6 + 1))
-12
(-7 - (4 - 1)) + 13 - 10 - 5
-12
Calculate (5 - 0) + -69 + 63.
-1
What is the value of 1 + 23 - (4 - (9 - (8 + 3)))?
18
Calculate (-7 - 7) + 54 - 8 - 9.
23
Evaluate 26 + (2 - 18 - 5).
5
Evaluate -3 - (-5 - (3 - 0)).
5
Evaluate -2 + 9 + (14 - (13 - 6) - 2).
12
Calculate (-139 + 136 - (-1 + 41)) + 16.
-27
What is the value of -1 + 14 + -13 - 15 - -7?
-8
What is 523 - 501 - (-3 - -1 - -17)?
7
What is the value of -76 - (15 + -29 + -26)?
-36
What is the value of 13 + 0 + (-107 - -100)?
6
-42 + 39 + (7 - (-1 - 3)) - 4
4
What is the value of 9 + 19 + -6 - (0 + (0 - 1))?
23
What is the value of (-111 - -62) + 40 - (-1 - (-1 + 0))?
-9
Evaluate 1 + -1 + 1 + -7 + 6 + 11.
11
What is (-58 - -19) + 4 + 12?
-23
What is the value of 21 + -11 + (-3 + -4 - -2)?
5
Evaluate -1 + 22 + (-25 + -37 - -69).
28
What is the value of 29 - (-3 - (-67 - -32))?
-3
Calculate (-1 - (-4 - (0 - 3)) - 7) + 3.
-4
What is the value of -1 + (-11 + (-1 - -23) - 19)?
-9
-4 + (-2 - (-4 + (-7 - -12)))
-7
-3 + -1 + (2 + -5 - -3) - -16
12
What is 0 + 4 - (22 - 7 - 12)?
1
Calculate -12 + 10 + 11 + -11 + -4.
-6
Calculate (-11 - (6 - 13)) + -2 + 3.
-3
What is (5 - -11) + (38 - 33)?
21
What is 1 + -1 + -5 + -7 + -10 + 14?
-8
Calculate -13 + -3 + 11 - (-2 + -3).
0
(-7 - (7 + -7 + 4 + -8)) + 4
1
What is the value of 14 + 4 + 2 + -8?
12
What is the value of -15 + (17 - 0 - (-65 - -76))?
-9
Calculate -15 + 8 + 15 + 4.
12
Calculate 15 - 12 - (19 + -15 + 8) - 2.
-11
(-22 - -1) + (14 - (-14 - -26))
-19
What is -14 + 7 + -16 + 37?
14
Calculate (-6 - -5 - 6) + (9 - (4 - -3)).
-5
Calculate (-1 + -6 - (15 - 12)) + -3 + 26.
13
Calculate -201 + 211 - (1 + 2 - -11).
-4
What is 1 - 2 - (-17 + 9 + 0 - -3)?
4
Calculate -270 + 272 + (-5 - 1).
-4
What is the value of -31 - (-25 - (20 - 3 - 33))?
-22
What is -13 + -6 + 18 + 9?
8
What is 5 - (11 + -17 + 9)?
2
What is the value of -3 - (-2 + (-10 - 2 - -9))?
2
Calculate 4 - (-5 - (-8 + 7) - -8 - -16).
-16
What is the value of (-24 + 18 - -9) + 0?
3
Calculate (-7 - 5) + 26 + 21 + -11.
24
What is the value of 1 + (-14 - -9 - -8 - -1)?
5
What is the value of 26 - (9 + -25 + 27)?
15
What is -6 - (-20 + 12 + (-9 - 0))?
11
What is 142 + -142 - (1 - (-2 - -1 - -5))?
3
7 - ((4 - 3) + (8 - -1))
-3
(12 - 25) + 13 - 22
-22
3 + 3 + (-8 - 9 - (-3 + 3))
-11
Evaluate -62 - (25 - 38 - 9).
-40
Calculate (17 - -1 - (81 + -72)) + 3.
12
Calculate (-114 - -138) + -1 + -24.
-1
What is the value of 21 + -19 - 13 - 9?
-20
What is the value of 7 + -24 + 46 + -53?
-24
What is the value of -3 - (0 + (-5 + -6 + 5 - -3))?
0
What is 19 + -14 + 19 - (-1 + 12)?
13
What is (1 - -2) + (-8 - (7 - 13))?
1
-51 - (-21 - -6) - -20
-16
1 + -3 + (-1 - -7) + (831 - 837)
-2
What is -20 + 14 + -15 - (5 - 18)?
-8
What is the value of 16 + -13 + (-7 - -2) - (-16 + 10)?
4
What is the value of -8 + 1 - ((-7 - -8) + -2) - -2?
-4
9 + 7 + 14 + -11 + -3
16
What is 6 + (7 - 6 - (1 - -4)) + -1?
1
-10 - (19 - 22) - ((0 - -1) + 2)
-10
((6 - 8) + -2 - 1) + 2 + -5
-8
What is 8 - 3 - (24 + -3 + 0 + -4)?
-12
What is the value of ((10 - 1) + 1 - 12) + 1?
-1
What is -29 - (-18 + (-41 - -41))?
-11
What is (73 - 34) + 8 + -32?
15
18 + -3 + 0 + -5 - 32
-22
Calculate (7 - (-5 - -6 - (3 - 1))) + 0.
8
Evaluate ((-25 - 10) + 31 - (1 - -2)) + 4.
-3
What is the value of 27 + -14 + -4 + -9?
0
Calculate -7 + 7 + (26 - 37).
-11
Evaluate 23 + 1 + -15 - -5.
14
-5 + -37 - -21 - -2
-19
Calculate -35 + (-19 + 41 - -17).
4
What is 29 + 1 - (-38 + 39 + -1 + 8)?
22
(5 - (-9 + 17)) + 5 + -2 + 3
3
Evaluate (6 - 4 - (1 + 2)) + 13 - 4.
8
What is (34 - 91) + 52 + (16 - (3 + -2))?
10
Evaluate (-1 + -3 - 0) + (587 - 576).
7
What is the value of 4 - (9 + 0 + 0) - -4?
-1
Evaluate -13 - -5 - (-2 - (10 + -1)).
3
Evaluate (2 - 6) + (3 - (-2 - -4 - 15)).
12
Evaluate 0 + (-6 + (-3 - -4) + 3 - 0).
-2
12 - ((0 + 12 + -2 - 19) + 3)
18
What is th